{"id":20,"date":"2021-12-27T16:05:32","date_gmt":"2021-12-27T15:05:32","guid":{"rendered":"http:\/\/janszczypka.pl\/?page_id=20"},"modified":"2021-12-27T21:12:13","modified_gmt":"2021-12-27T20:12:13","slug":"stypendium","status":"publish","type":"page","link":"https:\/\/janszczypka.pl\/index.php\/stypendium\/","title":{"rendered":"Stypendium"},"content":{"rendered":"\n<h2 class=\"wp-block-heading\">CELE REAKTYWNE<\/h2>\n\n\n\n<h3 class=\"wp-block-heading\">Stypendium Kulturalne Miasta Gda\u0144ska dla os\u00f3b fizycznych<\/h3>\n\n\n\n<hr class=\"wp-block-separator\"\/>\n\n\n\n<p>Projekt jest moja osobist\u0105 reakcj\u0105 na niepewno\u015b\u0107 i destabilizacj\u0119 spowodowan\u0105 pandemi\u0105. Dla realizacji mojego wniosku &#8222;Cele reaktywne&#8221; zakupi\u0142em r\u00f3\u017cne materia\u0142y (blach\u0119 miedzian\u0105, aluminium, lut srebrny, patyny, oraz inne materia\u0142y formierskie i odlewnicze). Celem mojego projektu by\u0142o poszerzenie dotychczasowych eksperyment\u00f3w<br>formalnych i technologicznych o nowe rozwi\u0105zania, zbli\u017caj\u0105ce wypowied\u017a artystyczn\u0105 do syntezy, kt\u00f3rej efekt plastyczny okre\u015bli\u0107 mo\u017cna zar\u00f3wno bardzo p\u0142askim reliefem, ale r\u00f3wnie\u017c malarstwem na powierzchni metali. Uda\u0142o mi si\u0119 zrealizowa\u0107 w bardzo r\u00f3\u017cnych materia\u0142ach nowe prace, kt\u00f3re s\u0105 zgodne z zaplanowan\u0105 we wniosku tematyk\u0105. Zgodnie z za\u0142o\u017ceniami eksperymentowa\u0142em ze szlachetnymi materia\u0142ami (mied\u017a, srebro), kt\u00f3re zestawia\u0142em z materia\u0142ami<br>nieszlachetnymi (skorodowana stal, \u017celiwo i aluminium). Poza poszukiwaniem kompozycyjnym efemerycznych, czasem powielonych sylwet- w zr\u00f3\u017cnicowanych kszta\u0142tach i formatach prac, chcia\u0142em pos\u0142u\u017cy\u0107 si\u0119 kolorem. Moim zdaniem uda\u0142o mi si\u0119 osi\u0105gn\u0105\u0107 ca\u0142kiem ciekawe efekty malarskie na powierzchni metali. Istotne dla mnie jest to, \u017ce ca\u0142y proces malarski odbywa\u0142 si\u0119 bez u\u017cycia farb, a jedynie w oparciu o srebro i odpowiednio skomponowane sk\u0142adniki chemiczne. Praca nad<br>nowym cyklem w ramach stypendium poszerzy\u0142a moj\u0105 wiedz\u0119 na temat chemicznych patyn, kt\u00f3re reaguj\u0105 z powierzchni\u0105 aluminium, miedzi, \u017celiwa i stali, tworz\u0105c barwn\u0105 i trwa\u0142\u0105 pow\u0142ok\u0119. To zestaw prac nad kt\u00f3rymi jeszcze wci\u0105\u017c pracuj\u0119, poniewa\u017c wymagaj\u0105 one metalowych stela\u017cy i ram w celu w\u0142a\u015bciwej ich ekspozycji.<\/p>\n\n\n\nngg_shortcode_0_placeholder\n\n\n\n<div class=\"wp-block-image\"><figure class=\"alignleft size-large is-resized\"><img decoding=\"async\" src=\"https:\/\/i2.wp.com\/janszczypka.pl\/wp-content\/uploads\/2021\/12\/herb-wielki-miasta-Gdanska.png?resize=88%2C67\" alt=\"\" class=\"wp-image-85\" width=\"88\" height=\"67\" srcset=\"https:\/\/i2.wp.com\/janszczypka.pl\/wp-content\/uploads\/2021\/12\/herb-wielki-miasta-Gdanska.png?resize=1024%2C775&amp;ssl=1 1024w, https:\/\/i2.wp.com\/janszczypka.pl\/wp-content\/uploads\/2021\/12\/herb-wielki-miasta-Gdanska.png?resize=300%2C227&amp;ssl=1 300w, https:\/\/i2.wp.com\/janszczypka.pl\/wp-content\/uploads\/2021\/12\/herb-wielki-miasta-Gdanska.png?resize=768%2C582&amp;ssl=1 768w, https:\/\/i2.wp.com\/janszczypka.pl\/wp-content\/uploads\/2021\/12\/herb-wielki-miasta-Gdanska.png?w=1421&amp;ssl=1 1421w\" sizes=\"(max-width: 88px) 100vw, 88px\" data-recalc-dims=\"1\" \/><\/figure><\/div>\n\n\n\n<hr class=\"wp-block-separator\"\/>\n\n\n\n<p class=\"has-text-align-left\">Zrealizowano ze \u015brodk\u00f3w Miasta Gda\u0144ska w ramach Stypendium Kulturalnego <\/p>\n\n\n\n<p><\/p>\n","protected":false},"excerpt":{"rendered":"<p>CELE REAKTYWNE Stypendium Kulturalne Miasta Gda\u0144ska dla os\u00f3b fizycznych Projekt jest moja osobist\u0105 reakcj\u0105 na [&hellip;]<\/p>\n","protected":false},"author":1,"featured_media":0,"parent":0,"menu_order":0,"comment_status":"closed","ping_status":"closed","template":"","meta":{"ngg_post_thumbnail":0,"spay_email":"","footnotes":""},"class_list":["post-20","page","type-page","status-publish","hentry"],"_links":{"self":[{"href":"https:\/\/janszczypka.pl\/index.php\/wp-json\/wp\/v2\/pages\/20","targetHints":{"allow":["GET"]}}],"collection":[{"href":"https:\/\/janszczypka.pl\/index.php\/wp-json\/wp\/v2\/pages"}],"about":[{"href":"https:\/\/janszczypka.pl\/index.php\/wp-json\/wp\/v2\/types\/page"}],"author":[{"embeddable":true,"href":"https:\/\/janszczypka.pl\/index.php\/wp-json\/wp\/v2\/users\/1"}],"replies":[{"embeddable":true,"href":"https:\/\/janszczypka.pl\/index.php\/wp-json\/wp\/v2\/comments?post=20"}],"version-history":[{"count":5,"href":"https:\/\/janszczypka.pl\/index.php\/wp-json\/wp\/v2\/pages\/20\/revisions"}],"predecessor-version":[{"id":173,"href":"https:\/\/janszczypka.pl\/index.php\/wp-json\/wp\/v2\/pages\/20\/revisions\/173"}],"wp:attachment":[{"href":"https:\/\/janszczypka.pl\/index.php\/wp-json\/wp\/v2\/media?parent=20"}],"curies":[{"name":"wp","href":"https:\/\/api.w.org\/{rel}","templated":true}]}}