{"id":36,"date":"2021-12-27T16:35:03","date_gmt":"2021-12-27T15:35:03","guid":{"rendered":"http:\/\/janszczypka.pl\/?page_id=36"},"modified":"2021-12-27T19:06:49","modified_gmt":"2021-12-27T18:06:49","slug":"glowna","status":"publish","type":"page","link":"https:\/\/janszczypka.pl\/","title":{"rendered":"O mnie"},"content":{"rendered":"\n<h2 class=\"wp-block-heading\"><strong>O mnie<\/strong><\/h2>\n\n\n\n<figure class=\"wp-block-image size-large is-resized\"><img decoding=\"async\" src=\"https:\/\/i0.wp.com\/janszczypka.pl\/wp-content\/uploads\/2021\/12\/IMG_0641.jpg?resize=455%2C303\" alt=\"\" class=\"wp-image-103\" width=\"455\" height=\"303\" srcset=\"https:\/\/i0.wp.com\/janszczypka.pl\/wp-content\/uploads\/2021\/12\/IMG_0641.jpg?resize=1024%2C683&amp;ssl=1 1024w, https:\/\/i0.wp.com\/janszczypka.pl\/wp-content\/uploads\/2021\/12\/IMG_0641.jpg?resize=300%2C200&amp;ssl=1 300w, https:\/\/i0.wp.com\/janszczypka.pl\/wp-content\/uploads\/2021\/12\/IMG_0641.jpg?resize=768%2C512&amp;ssl=1 768w, https:\/\/i0.wp.com\/janszczypka.pl\/wp-content\/uploads\/2021\/12\/IMG_0641.jpg?resize=1536%2C1024&amp;ssl=1 1536w, https:\/\/i0.wp.com\/janszczypka.pl\/wp-content\/uploads\/2021\/12\/IMG_0641.jpg?w=1728&amp;ssl=1 1728w\" sizes=\"(max-width: 455px) 100vw, 455px\" data-recalc-dims=\"1\" \/><\/figure>\n\n\n\n<p>Absolwent Pa\u0144stwowego Liceum Sztuk Plastycznych im. Antoniego Kenara w Zakopanem i Wydzia\u0142u Rze\u017aby Pa\u0144stwowej Wy\u017cszej Szko\u0142y Sztuk Plastycznych w Gda\u0144sku, dyplom w 1987 roku, nagrodzony I nagrod\u0105 na og\u00f3lnopolskim pokazie dyplom\u00f3w w warszawskiej Zach\u0119cie. Tw\u00f3rczo\u015b\u0107 z zakresu rze\u017aby i medalierstwa. Swoje prace realizuje g\u0142\u00f3wnie w metalu, wci\u0105\u017c poszerzaj\u0105c swoj\u0105 wiedz\u0119 na temat odlewnictwa i traktuj\u0105c technologi\u0119 jako dalszy ci\u0105g procesu tw\u00f3rczego. Pracuje w br\u0105zie, cynku, aluminium, \u017celiwie, poszukuj\u0105c w\u0142asnych rozwi\u0105za\u0144 formalnych, a tak\u017ce mo\u017cliwo\u015bci ekspresyjnych, fakturalnych i kolorystycznych metalu. Sympozja rze\u017abiarskie, kt\u00f3rym towarzysz\u0105 wysokie temperatury zwi\u0105zane z odlewnictwem, przeplata sympozjami rze\u017aby w \u015bniegu, w kt\u00f3rych uzyskuje presti\u017cowe krajowe i zagraniczne nagrody. Profesor na Wydziale Rze\u017aby i Intermedi\u00f3w Akademii Sztuk Pi\u0119knych w Gda\u0144sku, obecnie prowadz\u0105cy pracowni\u0119 Podstaw Rze\u017aby dla I i II roku. Organizator V Mi\u0119dzynarodowych Konferencji po\u015bwi\u0119conych problematyce odlewnictwa artystycznego i XX edycji Mi\u0119dzynarodowych <em>Warsztat\u00f3w<\/em> Odlewniczych w latach 2001\u20132021, w kt\u00f3rych uczestniczy\u0142o ponad 530 student\u00f3w i pedagog\u00f3w z Polski, USA, Anglii, Finlandii, W\u0142och, Grecji, Francji, Portugalii, \u0141otwy, Litwy, Ukrainy, Czech i S\u0142owacji. Uczestnik kilkudziesi\u0119ciu wystaw, konkurs\u00f3w i sympozj\u00f3w krajowych i zagranicznych, laureat wielu nagr\u00f3d. Autor pomnika Jana Heweliusza w Gda\u0144sku.<\/p>\n","protected":false},"excerpt":{"rendered":"<p>O mnie Absolwent Pa\u0144stwowego Liceum Sztuk Plastycznych im. Antoniego Kenara w Zakopanem i Wydzia\u0142u Rze\u017aby [&hellip;]<\/p>\n","protected":false},"author":1,"featured_media":0,"parent":0,"menu_order":0,"comment_status":"closed","ping_status":"closed","template":"","meta":{"ngg_post_thumbnail":0,"spay_email":"","footnotes":""},"class_list":["post-36","page","type-page","status-publish","hentry"],"_links":{"self":[{"href":"https:\/\/janszczypka.pl\/index.php\/wp-json\/wp\/v2\/pages\/36","targetHints":{"allow":["GET"]}}],"collection":[{"href":"https:\/\/janszczypka.pl\/index.php\/wp-json\/wp\/v2\/pages"}],"about":[{"href":"https:\/\/janszczypka.pl\/index.php\/wp-json\/wp\/v2\/types\/page"}],"author":[{"embeddable":true,"href":"https:\/\/janszczypka.pl\/index.php\/wp-json\/wp\/v2\/users\/1"}],"replies":[{"embeddable":true,"href":"https:\/\/janszczypka.pl\/index.php\/wp-json\/wp\/v2\/comments?post=36"}],"version-history":[{"count":8,"href":"https:\/\/janszczypka.pl\/index.php\/wp-json\/wp\/v2\/pages\/36\/revisions"}],"predecessor-version":[{"id":105,"href":"https:\/\/janszczypka.pl\/index.php\/wp-json\/wp\/v2\/pages\/36\/revisions\/105"}],"wp:attachment":[{"href":"https:\/\/janszczypka.pl\/index.php\/wp-json\/wp\/v2\/media?parent=36"}],"curies":[{"name":"wp","href":"https:\/\/api.w.org\/{rel}","templated":true}]}}